mmon divisor of 22155 and 1246035?
105
What is the highest common factor of 4665 and 348009?
933
What is the highest common divisor of 18255 and 40080?
15
What is the greatest common factor of 4051656 and 896?
56
What is the greatest common factor of 97573380 and 120?
60
What is the highest common divisor of 5094493 and 785?
157
What is the highest common factor of 1195 and 380196420?
1195
Calculate the greatest common divisor of 3724347 and 77.
11
What is the highest common divisor of 8 and 289609592?
8
What is the highest common factor of 990 and 47314278?
198
What is the highest common divisor of 78469 and 13609879?
599
Calculate the highest common divisor of 78608744 and 40.
8
What is the greatest common divisor of 3250 and 206223550?
650
What is the greatest common divisor of 538578 and 5166?
18
What is the greatest common factor of 712980 and 125732?
68
What is the greatest common divisor of 576 and 4479444?
36
Calculate the highest common divisor of 22 and 16844080.
22
What is the highest common factor of 432 and 117928?
8
What is the highest common divisor of 879907990 and 260?
130
What is the greatest common factor of 21 and 657033804?
21
What is the highest common factor of 19504 and 1406864?
368
Calculate the greatest common divisor of 6894 and 26982.
18
What is the greatest common factor of 51042 and 470658?
282
What is the greatest common factor of 156 and 18308030?
26
Calculate the highest common divisor of 23336864 and 16768.
4192
Calculate the highest common factor of 36 and 349879833.
9
Calculate the greatest common factor of 2468 and 6254.
2
What is the greatest common factor of 2436 and 180061?
203
Calculate the greatest common divisor of 65756 and 68.
68
Calculate the greatest common factor of 733552 and 56261.
127
What is the greatest common factor of 22 and 96688097?
11
What is the highest common divisor of 50 and 7909330?
10
What is the highest common factor of 86901304 and 2009?
2009
Calculate the greatest common factor of 3903 and 279785254.
1301
Calculate the highest common divisor of 66 and 5370673.
11
What is the highest common divisor of 4884085 and 10?
5
What is the highest common factor of 82218 and 174234?
426
What is the greatest common divisor of 148 and 216662380?
148
What is the greatest common divisor of 51705790 and 40?
10
Calculate the greatest common divisor of 25775910 and 2040.
510
What is the highest common factor of 76960 and 63700?
260
Calculate the greatest common divisor of 36964176 and 30444.
516
Calculate the greatest common divisor of 333113130 and 969.
969
Calculate the highest common divisor of 6321 and 4360881.
21
Calculate the highest common divisor of 108712893 and 113.
113
What is the highest common factor of 54611 and 723620?
97
What is the highest common factor of 136834 and 45446?
62
What is the greatest common factor of 80506970 and 85?
5
What is the greatest common divisor of 9907877 and 35?
7
What is the highest common factor of 162148477 and 267?
89
What is the highest common divisor of 82 and 2420763?
41
Calculate the highest common divisor of 20409880 and 440.
40
Calculate the highest common factor of 74256 and 4108272.
336
Calculate the highest common divisor of 1664 and 18028.
4
What is the highest common factor of 15137433 and 342?
171
What is the greatest common factor of 4029066749 and 71?
71
What is the greatest common factor of 4961 and 12363427?
41
Calculate the greatest common factor of 56210 and 46354.
154
Calculate the greatest common divisor of 165049586 and 78.
26
What is the greatest common factor of 2590520 and 4360?
40
Calculate the greatest common factor of 32222333 and 90792.
1261
What is the greatest common factor of 564658 and 2726?
94
What is the greatest common factor of 316324 and 212908?
124
What is the highest common divisor of 6435289 and 28?
7
Calculate the greatest common divisor of 52776024 and 35836.
1156
What is the highest common factor of 44 and 43520290?
22
What is the highest common divisor of 41374 and 7124?
274
What is the highest common divisor of 55379 and 3458033?
701
What is the greatest common divisor of 40 and 701408?
8
Calculate the greatest common factor of 402831 and 4881861.
2817
What is the greatest common divisor of 256265575 and 1525?
1525
What is the highest common divisor of 7166119 and 6231?
67
What is the greatest common factor of 691975 and 534?
89
Calculate the highest common factor of 374242836 and 11190.
2238
Calculate the greatest common divisor of 16104 and 2318712.
264
Calculate the greatest common factor of 24827323 and 46504.
5813
What is the highest common divisor of 262579 and 31525?
97
What is the greatest common factor of 29103 and 687792?
267
What is the greatest common divisor of 3612 and 733331460?
516
Calculate the highest common divisor of 412077490 and 770.
110
What is the greatest common factor of 13097133 and 672?
21
Calculate the highest common factor of 1210106 and 430.
86
What is the highest common divisor of 2130 and 7558335?
15
What is the highest common factor of 20438 and 1771550?
22
Calculate the highest common divisor of 10710650 and 55.
5
Calculate the greatest common factor of 62763917 and 493.
29
Calculate the highest common divisor of 879410 and 51.
17
What is the greatest common factor of 131305174 and 7?
7
Calculate the highest common factor of 1062 and 24270822.
18
What is the highest common factor of 17671720 and 5390?
110
What is the greatest common factor of 240 and 2262102?
6
Calculate the greatest common divisor of 8246875 and 6175.
325
Calculate the greatest common factor of 499264 and 23200.
928
Calculate the highest common factor of 787353 and 9051.
21
Calculate the greatest common factor of 815 and 269870.
5
What is the highest common divisor of 379542 and 553392?
366
Calculate the highest common factor of 1427 and 122926061.
1427
Calculate the highest common factor of 458083359 and 2097.
2097
Calculate the greatest common factor of 1980 and 59202540.
180
What is the highest common divisor of 7353 and 14685?
3
What is the greatest common divisor of 455551 and 334519?
1681
What is the greatest common divisor of 3204 and 39278192?
356
Calculate the highest common factor of 1942668 and 4095.
819
What is the highest common divisor of 527 and 4514775?
17
What is the greatest common factor of 338289 and 8836058?
1267
What is the greatest common divisor of 3469722 and 283356?
2778
Calculate the greatest common factor of 15268 and 1276.
44
Calculate the greatest common divisor of 746 and 352380933.
373
What is the highest common factor of 24 and 1730083416?
24
What is the greatest common factor of 25226 and 251?
1
What is the greatest common divisor of 267 and 17322693?
267
What is the greatest common divisor of 107027829 and 59?
59
Calculate the highest common divisor of 1806 and 73487344.
602
Calculate the highest common divisor of 2769 and 16886427.
213
Calculate the greatest common factor of 367669 and 185.
37
What is the highest common divisor of 3698842 and 7758?
862
Calculate the highest common factor of 29584124 and 492.
164
What is the highest common divisor of 37870 and 5810?
70
What is the greatest common divisor of 413591 and 871?
67
What is the highest common factor of 289406038 and 466?
466
What is the highest common divisor of 73763587 and 3651?
1217
Calculate the greatest common factor of 639520 and 3340.
20
Calculate the greatest common divisor of 1538 and 135744649.
769
Calculate the highest common factor of 970 and 1433563970.
970
Calculate the greatest common factor of 8277895 and 255.
85
What is the highest common factor of 439128 and 1862?
38
Calculate the greatest common factor of 1174 and 27289043.
587
What is the greatest common factor of 1132 and 2074390?
566
What is the highest common factor of 194213 and 3375107?
5249
Calculate the greatest common factor of 2053710 and 2736.
342
Calculate the highest common divisor of 214198566 and 4799.
4799
What is the highest common divisor of 2465 and 6075239?
493
What is the greatest common factor of 1862 and 410?
2
Calculate the greatest common divisor of 46614025 and 675.
25
Calculate the highest common factor of 2901756 and 678414.
1254
What is the highest common divisor of 26176 and 946017?
409
What is the greatest